*1 - (-36)/2?
12
Suppose 4*k = -0*k + 40. Let h(u) = -u**3 + u**2 + 3*u**2 + 3*u**2 - 7. Calculate the remainder when h(6) is divided by k.
9
What is the remainder when 37 is divided by 2 - 16/(-2) - -3?
11
Let a be 102/(2 + -4 + 3). Suppose 2 - a = -5*c. Suppose 0 = o + 4*k - 2, 0 = -o - 0*o + 5*k + c. What is the remainder when o is divided by 4?
2
Suppose 2*x = 4 + 2. What is the remainder when x/(-12) + (-746)/(-8) is divided by 24?
21
Let y(d) = 5*d**2 - d - 1. Suppose j = -3*w + 28, 2*j - 5*j - 6 = -w. What is the remainder when y(2) is divided by w?
8
Suppose -8*w = -7*w - 14. Calculate the remainder when w is divided by 3/(6/4)*4.
6
Let q(x) = 5*x**2 - 2*x - 1. Suppose 0*i = -3*i + 66. Calculate the remainder when i is divided by q(-1).
4
Suppose -5*a = -169 + 59. What is the remainder when 41 is divided by a?
19
Suppose 5*s = -5*b + 110, -3*b + 16 = s - 8*b. Calculate the remainder when 83 is divided by s.
20
Suppose 2*s - 2*o = 8, 3*o = -0*s + 2*s - 9. Suppose -s*b + 15 = -0*b, 5*z = 4*b + 315. Calculate the remainder when z is divided by 23.
21
Suppose 3*q = 5*q - 36. Let u = q - 10. Calculate the remainder when 1/(-2)*(2 - 32) is divided by u.
7
Let z(h) = -h + 52. What is the remainder when z(26) is divided by 4?
2
Suppose 20 = 4*w + w - 4*n, 12 = 3*w + n. What is the remainder when 31 is divided by 21 - (1 - (-7 + w))?
14
Let p = 39 - 7. Let t = 9 - 4. Suppose -8*f + 48 = -4*f - t*g, 0 = -4*f - 5*g + 88. Calculate the remainder when p is divided by f.
15
Suppose -20*s + 25*s - 185 = 0. What is the remainder when 107 is divided by s?
33
Let r(v) = -60*v. Let f be r(2). Let i = f + 169. What is the remainder when i is divided by 17?
15
Let z = 163 + -111. Calculate the remainder when z is divided by 7.
3
Calculate the remainder when 93 is divided by (-4)/((-20)/75) - 3.
9
Let m = 2 - -4. Suppose 4*h = -4*x, -3*x + 4*h + m = -15. What is the remainder when 56 is divided by (-2)/x*114/(-4)?
18
Let l(k) = -5*k + 44. Calculate the remainder when l(5) is divided by -33*((-1)/3 - 0).
8
Calculate the remainder when 87 is divided by (45/3 - 4)*2.
21
Let l(d) = -d + 8. Suppose -3*h + 14 = -10. Let b be l(h). Suppose b = 3*j - 32 - 94. What is the remainder when j is divided by 22?
20
Suppose 2*z + z - b = 19, 3*b + 9 = 3*z. Suppose -z = -3*f + f. Suppose -f*w + 5 = -3*w. Calculate the remainder when 13 is divided by w.
3
Suppose 3*c - 6*c + 12 = 0. Let f(h) = -3*h - 5. Calculate the remainder when f(-5) is divided by c.
2
Let q(y) be the second derivative of -y**4/12 - y**3 - 3*y**2 + 2*y. Let r be q(-4). What is the remainder when 2/(-8 + r)*-57 is divided by 10?
9
Suppose 3*p = -12, 4*n - 135 = p - 39. Calculate the remainder when n is divided by 9.
5
Let m(d) = d + 11. Calculate the remainder when m(-8) is divided by 3.
0
Let k(z) = -z**2 - 11*z - 3. Let d(s) = -3*s + 7. Let w be d(5). What is the remainder when k(w) is divided by 11?
10
Let s = -7 + 14. What is the remainder when 25 is divided by s?
4
Let k be (-6)/(-4)*(3 + -1). Let m = -3 + -1. What is the remainder when -1 - -4 - (k + m) is divided by 3?
1
Suppose -5*l = 4*g - 35, 2*l + 22 = 4*g + 8. Suppose -g*b + 10*b = 235. Calculate the remainder when b is divided by 16.
15
Let w be 45*-1*9/(-15). Let o = w + -18. Calculate the remainder when 15 is divided by o.
6
Suppose 2 = -3*u + 17. What is the remainder when 8 is divided by u?
3
What is the remainder when ((-2)/3)/(38/(-741)) is divided by 4?
1
Calculate the remainder when 6 is divided by 9/3*-1 - -5.
0
Let n(s) = -45*s - 3. Let b(z) = 15*z + 1. Let h = -2 + 10. Let f(w) = h*b(w) + 3*n(w). What is the remainder when 41 is divided by f(-1)?
13
Suppose 5*o = 272 + 158. Suppose -3*d - 22 = -4*h + 72, -4*h = d - o. What is the remainder when 63 is divided by h?
19
Let k = 4 + -1. Let f(o) = -o**3 + 3*o**2 + 2*o - 1. Calculate the remainder when f(3) is divided by k.
2
Let u(a) = 2*a**2 + 3*a + 2. Let y be u(-2). Suppose -x + y = -3. What is the remainder when 20 is divided by x?
6
Let n be (-115)/(-10) - 3/(-2). Let g(s) = -s**3 + 14*s**2 - 11*s - 9. Calculate the remainder when g(n) is divided by 10.
7
Suppose -5*s + 35 + 10 = 0. What is the remainder when 43 is divided by s?
7
Let f = -81 + 116. Suppose -2*m + 4 + 20 = 0. What is the remainder when f is divided by m?
11
Suppose -2*a + 16 = -0*a. Suppose -4*b + 10 = 3*x, 2*x + 2*b = -2*x. Calculate the remainder when 2 - (3 + x*a) is divided by 4.
3
Let j(c) = 2*c**3 + 6*c**2 - 9*c + 3. What is the remainder when j(2) is divided by 9?
7
Let s(d) = d**3 - 21*d**2 + 22*d + 3. Calculate the remainder when s(20) is divided by 9.
7
Suppose 4*n - 31 - 49 = 0. What is the remainder when n is divided by 11?
9
Let b(a) = 8*a + 59. Calculate the remainder when b(-5) is divided by 4.
3
Suppose t - 4*s = -65, t + t = 5*s - 115. Let n = 94 + t. Calculate the remainder when n is divided by 17.
15
Suppose 4*v - 5*p = -2*p + 96, -4*v + 76 = 2*p. Suppose -2*c - 7 = -v. Suppose -3*s + 22 + 38 = 0. Calculate the remainder when s is divided by c.
6
Suppose 0 = -0*a + 2*a - 80. Suppose 0*h + 2*h = a. Let m(l) = 59*l - 1. What is the remainder when m(1) is divided by h?
18
Let i = 2 - -1. Suppose 0*c - f = -c + 5, i*c + 3*f + 9 = 0. Suppose 3 = 2*t + c, -5*t = 4*a - 13. What is the remainder when 5 is divided by a?
1
Let a(p) = p**3 + 8*p**2 + 5*p - 8. Let n be a(-7). Let c be (-7 + n)/(1/(-25)). Suppose 4*i = -i + c. Calculate the remainder when i is divided by 4.
1
What is the remainder when 1 - -2 - (-38 - 4) is divided by 12?
9
Suppose -p + 3*q + 3 = -2, 5*p - 25 = -q. Suppose 0 = -p*t + 5*n + 10, 3*t + n = -n + 21. What is the remainder when 2/((-2)/(-17) - 0) is divided by t?
2
Let n(d) = d**2 + 22*d + 13. Calculate the remainder when 63 is divided by n(-22).
11
Let a(c) = c**2 + 8. Calculate the remainder when 63 is divided by a(0).
7
Calculate the remainder when 41 is divided by (4/6)/(29/696).
9
Let v(r) = -2*r - 3. Let x(o) = -o**3 + 8*o**2 + o + 1. Calculate the remainder when v(-10) is divided by x(8).
8
Let v be (-2 + 4)*(-2)/(-4). Let d = 6 - v. Suppose 34 = l + 3*y, d*l - 210 = 2*y - 7*y. What is the remainder when l is divided by 16?
14
Suppose -2*p + 12 + 23 = 5*j, -2*j + 6 = 0. What is the remainder when (-1)/2 + 114/4 is divided by p?
8
Let b(j) = -j**2 - 13*j + 14. What is the remainder when b(-13) is divided by 9?
5
Let v(l) = l**3 - 5*l**2 - 5*l + 4. Suppose 2*s - 10 - 2 = 0. Calculate the remainder when v(s) is divided by (-8)/10*(-15)/2.
4
Let k(b) = 5*b + 5*b - b. Calculate the remainder when 34 is divided by k(2).
16
Let q(d) = d**3 + 2*d**2 + 2*d + 2. Let o be (-1)/(-3) - (-16)/6. What is the remainder when q(o) is divided by 14?
11
Suppose 3*d - 46 = g, 5*g = -3*d + 29 - 7. Suppose -34*s + 27*s = -175. Calculate the remainder when s is divided by d.
11
Suppose -3 = 2*u + 3. Let z = u - -6. Suppose 19 = 2*g + 5*a, z*g - 2 - 34 = -5*a. What is the remainder when 33 is divided by g?
16
Suppose -4*l + 19 = -1. What is the remainder when 7 is divided by l?
2
Let n be 6/(-4)*(-24)/(-18). Let m(r) = 6*r**2 - r - 2. What is the remainder when m(n) is divided by 9?
6
What is the remainder when 22 - (-4 + 3 + -3) is divided by 14?
12
Let v be -1*(3 + -1) - 99. Let d = v + 165. Let p = -42 + d. Calculate the remainder when p is divided by 8.
6
Let g(v) = -v**3 - v**2 + v - 4. Calculate the remainder when 42 is divided by g(-3).
9
Let b(p) = 50*p**2 + p. Calculate the remainder when 145 is divided by b(-1).
47
Suppose 5*u = 4*b + 45, b = -3*u - 4*b - 10. Suppose 3*l = -2*l - 45. Let w = 23 + l. Calculate the remainder when w is divided by u.
4
Let t = -23 - -37. Calculate the remainder when 41 is divided by t.
13
Let y(a) = a**2 - 4. What is the remainder when 70 is divided by y(-4)?
10
Let n = -12 - -23. Suppose 3*w = t - 5 - n, 0 = -2*t - 4. Let i = 8 + w. Calculate the remainder when i is divided by 1.
0
Let n = 7 + 6. Calculate the remainder when 24 is divided by n.
11
Let l(h) = 4*h**2 - 5*h - 20. Calculate the remainder when l(6) is divided by 16.
14
Suppose -4*s + 18 = -46. Suppose -4 - s = v. Let w = v + 30. What is the remainder when w is divided by 4?
2
Let l be -1 + 2/(-4)*-4. What is the remainder when (30 + -3)*2 - l is divided by 18?
17
Suppose 4*q - 56 = 24. Suppo